 is the units digit of 7939766?
6
What is the ten thousands digit of 49463?
4
What is the thousands digit of 2933920?
3
What is the hundreds digit of 348917?
9
What is the hundred thousands digit of 516485?
5
What is the millions digit of 14826147?
4
What is the units digit of 464695?
5
What is the hundreds digit of 408069?
0
What is the thousands digit of 209245?
9
What is the ten thousands digit of 8399021?
9
What is the hundreds digit of 22364129?
1
What is the tens digit of 308516?
1
What is the hundreds digit of 354276?
2
What is the ten millions digit of 32552495?
3
What is the hundred thousands digit of 3418390?
4
What is the tens digit of 100737?
3
What is the hundred thousands digit of 976053?
9
What is the tens digit of 4489677?
7
What is the units digit of 2786508?
8
What is the units digit of 197625?
5
What is the units digit of 70618?
8
What is the hundred thousands digit of 157106?
1
What is the thousands digit of 10288146?
8
What is the thousands digit of 15720286?
0
What is the hundreds digit of 1547723?
7
What is the units digit of 2448669?
9
What is the units digit of 524331?
1
What is the hundred thousands digit of 754713?
7
What is the ten thousands digit of 448606?
4
What is the thousands digit of 4377888?
7
What is the millions digit of 2009101?
2
What is the tens digit of 266251?
5
What is the hundred thousands digit of 6991329?
9
What is the tens digit of 3269472?
7
What is the hundreds digit of 2193732?
7
What is the units digit of 221019?
9
What is the thousands digit of 1480050?
0
What is the ten millions digit of 21135154?
2
What is the hundred thousands digit of 2082164?
0
What is the tens digit of 99556?
5
What is the hundreds digit of 15268?
2
What is the hundred thousands digit of 1070620?
0
What is the thousands digit of 73607?
3
What is the hundred thousands digit of 618456?
6
What is the hundred thousands digit of 31405469?
4
What is the units digit of 769691?
1
What is the thousands digit of 142978?
2
What is the millions digit of 1166641?
1
What is the tens digit of 2406983?
8
What is the hundreds digit of 476362?
3
What is the ten millions digit of 13241824?
1
What is the thousands digit of 619611?
9
What is the millions digit of 3450282?
3
What is the units digit of 2481842?
2
What is the units digit of 136844?
4
What is the millions digit of 2837355?
2
What is the hundreds digit of 855867?
8
What is the hundred thousands digit of 36228424?
2
What is the ten thousands digit of 886448?
8
What is the tens digit of 16623363?
6
What is the hundred thousands digit of 458728?
4
What is the units digit of 7804314?
4
What is the ten thousands digit of 58127?
5
What is the units digit of 568916?
6
What is the hundred thousands digit of 203555?
2
What is the thousands digit of 1017047?
7
What is the thousands digit of 3487715?
7
What is the hundred thousands digit of 4241713?
2
What is the tens digit of 228367?
6
What is the units digit of 17212695?
5
What is the hundreds digit of 398575?
5
What is the thousands digit of 2572510?
2
What is the thousands digit of 17570156?
0
What is the hundred thousands digit of 928774?
9
What is the units digit of 250205?
5
What is the thousands digit of 26803?
6
What is the tens digit of 1311966?
6
What is the ten thousands digit of 5312523?
1
What is the tens digit of 554065?
6
What is the tens digit of 4682418?
1
What is the units digit of 4505410?
0
What is the tens digit of 754752?
5
What is the ten thousands digit of 2490540?
9
What is the hundred thousands digit of 8230428?
2
What is the millions digit of 1829055?
1
What is the tens digit of 19246620?
2
What is the ten thousands digit of 90999?
9
What is the thousands digit of 963885?
3
What is the thousands digit of 14404814?
4
What is the tens digit of 17677964?
6
What is the hundreds digit of 1073338?
3
What is the hundreds digit of 293318?
3
What is the hundreds digit of 18013806?
8
What is the units digit of 865050?
0
What is the thousands digit of 116250?
6
What is the ten thousands digit of 9972622?
7
What is the millions digit of 5306150?
5
What is the units digit of 1948752?
2
What is the ten thousands digit of 21811?
2
What is the hundreds digit of 6573070?
0
What is the hundreds digit of 518444?
4
What is the thousands digit of 3050177?
0
What is the hundred thousands digit of 1256224?
2
What is the hundreds digit of 1480699?
6
What is the hundreds digit of 1002040?
0
What is the hundreds digit of 2484274?
2
What is the hundreds digit of 33959?
9
What is the tens digit of 13295844?
4
What is the hundreds digit of 8582?
5
What is the units digit of 532391?
1
What is the millions digit of 3726210?
3
What is the thousands digit of 898703?
8
What is the hundred thousands digit of 305816?
3
What is the ten thousands digit of 23310138?
1
What is the units digit of 245023?
3
What is the units digit of 1539897?
7
What is the tens digit of 5251429?
2
What is the tens digit of 889152?
5
What is the hundred thousands digit of 5035792?
0
What is the units digit of 246507?
7
What is the tens digit of 1258089?
8
What is the hundreds digit of 1049414?
4
What is the ten millions digit of 18912586?
1
What is the hundred thousands digit of 840480?
8
What is the thousands digit of 81257?
1
What is the tens digit of 11381520?
2
What is the millions digit of 1556541?
1
What is the hundred thousands digit of 1403047?
4
What is the tens digit of 6543423?
2
What is the tens digit of 1355646?
4
What is the hundreds digit of 2622342?
3
What is the millions digit of 9880023?
9
What is the hundreds digit of 109459?
4
What is the millions digit of 1868749?
1
What is the units digit of 5228694?
4
What is the thousands digit of 1365889?
5
What is the ten millions digit of 10244532?
1
What is the tens digit of 8074312?
1
What is the hundred thousands digit of 3125424?
1
What is the ten thousands digit of 953653?
5
What is the units digit of 41539?
9
What is the tens digit of 535751?
5
What is the units digit of 234436?
6
What is the units digit of 109901?
1
What is the units digit of 499790?
0
What is the ten thousands digit of 206375?
0
What is the tens digit of 12924769?
6
What is the thousands digit of 4438937?
8
What is the tens digit of 67264?
6
What is the tens digit of 1266612?
1
What is the ten thousands digit of 1141509?
4
What is the ten thousands digit of 575445?
7
What is the thousands digit of 850289?
0
What is the hundreds digit of 1835939?
9
What is the hundreds digit of 32366027?
0
What is the thousands digit of 41692?
1
What is the units digit of 292701?
1
What is the units digit of 7080843?
3
What is the units digit of 597931?
1
What is the ten thousands digit of 1905320?
0
What is the units digit of 25766?
6
What is the units digit of 1015144?
4
What is the hundred thousands digit of 249821?
2
What is the hundreds digit of 3667536?
5
What is the hundreds digit of 1180424?
4
What is the hundreds digit of 198421?
4
What is the thousands digit of 24240269?
0
What is the thousands digit of 1444408?
4
What is the thousands digit of 143420?
3
What is the units digit of 95030?
0
What is the units digit of 2336700?
0
What is the millions digit of 1737166?
1
What is the thousands digit of 15257?
5
What is the tens digit of 4438188?
8
What is the thousands digit of 7891125?
1
What is the units digit of 754586?
6
What is the ten thousands digit of 175364?
7
What is the units digit of 156141?
1
What is the tens digit of 1475291?
9
What is the hundred thousands digit of 179444?
1
What is the thousands digit of 19236820?
6
What is the hundred thousands digit of 3113958?
1
What is the tens digit of 76874?
7
What is the ten thousands digit of 65375?
6
What is the thousands digit of 504867?
4
What is the tens digit of 112901?
0
What is the thousands digit of 331973?
1
What is the hundreds digit of 143702?
7
What is the units digit of 72674?
4
What is the tens digit of 3883273?
7
What is the units digit of 66210?
0
What is the millions digit of 6053047?
6
What is the thousands digit of 98732?
8
What is the millions digit of 1762078?
1
What is the hundred thousands digit of 28669497?
6
What is the hundred thousands digit of 250878?
2
What is the units digit of 15156575?
5
What is the hundred thousands digit of 1782320?
7
What is the hundre